t q(f) = -f**2 - 7*f. Let p be q(-7). Suppose -g + p*g = -23. What is the remainder when g is divided by x(61)?
10
Let c = 13460 + -13379. What is the remainder when 15467 is divided by c?
77
Let o = 58 + 13. Let j(s) = -91*s - 12488. What is the remainder when j(-145) is divided by o?
68
What is the remainder when 2286 is divided by -29*1173/(-253) + 12/22?
126
Let q = 38075 - 38051. Suppose h + 13 = 48. Calculate the remainder when h is divided by q.
11
Let k = 159 - 108. Suppose -4*b = -s + 313, 4*s - 1212 = -8*b + 4*b. What is the remainder when s is divided by k?
50
Let k(d) = 3*d**3 - 20*d**2 + 10*d + 6. What is the remainder when k(8) is divided by 176?
166
Calculate the remainder when 493 - (2*-1)/((-10)/(4 - -6)) is divided by 294.
197
Let v = -5022 + 7527. Calculate the remainder when v is divided by 157.
150
Suppose -9*o - 1504 = -9298. Let v = o - 520. What is the remainder when v is divided by 35?
31
Let n(p) = p**3 + 16*p**2 + 29*p + 15. Let g be ((-63)/6)/(6/8). Calculate the remainder when 0/(-1) + (1 - 0) is divided by n(g).
0
Suppose 47*c - 7*c + 296 = 7416. What is the remainder when c is divided by 63?
52
What is the remainder when (-35)/(-21)*3 - (7 + -879) is divided by 116?
65
Let h = 14 - -72. Suppose -5*n - d = -h + 14, 0 = 5*d - 10. Suppose 5*f = 16*f - 451. What is the remainder when f is divided by n?
13
Suppose 9339*c + 3*i = 9343*c - 308, -2*c = 2*i - 154. Calculate the remainder when 3/6*(-604)/(-1) is divided by c.
71
Let l = 161 - 157. Suppose 2*q + l*j - 34 = 0, 8*j = 5*q + 4*j - 113. What is the remainder when 79 is divided by q?
16
Let t = -343 + 359. What is the remainder when 96/256 - (-634)/t is divided by 14?
12
Suppose -2*r = 2*p - 584, r - p = -14 + 306. Calculate the remainder when (-2 + -1)/(-7 + r/42) is divided by 32.
31
Suppose 24*k - 4186 = -22*k. Suppose -2*p + k = -5*t, -11*p + 10*p - 4*t = -78. Calculate the remainder when 92 is divided by p.
34
Let v(y) = 7*y - 17. Let b be v(0). Let u = b - -20. Suppose u*r = 4*q + 46, -3*q - 22 - 7 = -2*r. Calculate the remainder when 85 is divided by r.
19
Suppose -6 = 3*w, -3*t + 2*w + 193 = -0*w. Suppose 8 = -72*m + 15344. What is the remainder when m is divided by t?
24
Let o = -5562 + 5646. Calculate the remainder when 726 is divided by o.
54
Let g(y) = -324*y - 426. What is the remainder when 877 is divided by g(-2)?
211
Let c = -202 + 196. Calculate the remainder when 22 is divided by 3/((c/(-8))/(6/24)).
0
Suppose -2*m + 7*d = 11*d - 18, -2*m + 2*d = -12. Calculate the remainder when 41 is divided by m.
6
Let j = -610 - -886. Suppose -135 = 3*m - j. What is the remainder when m is divided by 1/(2 - 38/20)?
7
Suppose 7*h = 11*j - 10*j - 18, 30 = j - h. Let l be 2/2*-1*-641. Suppose -304 - l = -5*t. Calculate the remainder when t is divided by j.
29
Let w = 6016 + -4866. Calculate the remainder when w is divided by 60.
10
Let q = -26 - -28. Suppose 2*p - 396 = -q*p. Calculate the remainder when (-2)/9 - (-4675)/p is divided by 7.
5
Let z(y) = -2*y**3 + 2*y**2 + y - 4. Let i be z(-3). Suppose -2*u - 46 - 4 = -4*s, -3*u - i = -5*s. What is the remainder when s is divided by 8?
2
Let w(d) = -d**2 - 14*d + 172. Let n(h) = -4*h + 1. Calculate the remainder when w(7) is divided by n(-3).
12
What is the remainder when 1869 is divided by 16 + 24/(-3) + -4?
1
Suppose 4*y = 4, -5*q + 0*y + 149 = 4*y. Suppose 5*m + 6 = -2*j, 3*m - 2*j = j - 12. What is the remainder when q is divided by 8/m*(-3 - -2)?
1
Let i(a) = 457*a + 5041. Suppose -260 - 288 = -4*u. Calculate the remainder when u is divided by i(-11).
11
Suppose 5*q = -0*q + 20, 392 = 2*x + q. Let j = x - 93. Let t = -96 + 122. What is the remainder when j is divided by t?
23
What is the remainder when 6068 is divided by 5*(11 - (12 - 355/25))?
62
What is the remainder when 4/(-26) - 1447431/(-663) is divided by 13?
12
Suppose 0 = 2*q + 4*b + 104, 214 = 6*q - 10*q - 2*b. What is the remainder when 613 is divided by (2*1)/(q/66 + 1)?
8
Let f be (7*-94 + 4)/(-2). Suppose 3 = o, 0*k = 3*k - 4*o + f. Let g = k + 109. What is the remainder when 34 is divided by g?
2
Let p(o) = -o**3 + 2*o**2 + 4*o + 27. Suppose 0 = 8*u - 4*u - 636. Calculate the remainder when u is divided by p(0).
24
Suppose 213*h - 7491 = -109*h + 95*h. What is the remainder when 1417 is divided by h?
31
Suppose 3*l - 28 = -3*q + 68, -5*q + 124 = -4*l. Let z = q + -23. Suppose k = z*p - k - 280, -3*p - k + 157 = 0. What is the remainder when p is divided by 28?
26
Suppose 34 = -7*h + 13. Let d be (6 - (5 - -1)) + h/(-1). Suppose -d*t = -20 - 40. What is the remainder when 29 is divided by t?
9
Suppose -2*f + f - 415 + 2584 = 0. Calculate the remainder when f is divided by 539.
13
Suppose -29 = -3*d - 5*g + 1, -2*g + 40 = 4*d. Suppose d*q - 196 - 754 = 0. What is the remainder when q is divided by 15?
5
Let u = 435 - 219. Let c = u + -153. Calculate the remainder when c is divided by 35.
28
Let b(j) = 4*j**2 + 1. Let x(f) = 3*f**2 + 426*f + 6521. Calculate the remainder when x(-17) is divided by b(3).
35
Calculate the remainder when 92 is divided by 77/(-22)*28/(-2).
43
Suppose -2*u = -5*u + 243. Suppose -11890*m = -11893*m + 123. What is the remainder when u is divided by m?
40
Calculate the remainder when 111 is divided by ((-112)/(-35) - 2)/((-21)/(-1435)).
29
Let t = -686 - -1316. Suppose -15*j = 6*j - t. What is the remainder when 389 is divided by j?
29
Let y = 7632 - 7550. What is the remainder when 318 is divided by y?
72
Suppose -5*t = 26*n - 21*n - 16775, 4*t + 3*n - 13419 = 0. Calculate the remainder when t is divided by 9.
6
Suppose -85 = 3*y + 4*k, 0 = -15*y + 12*y + k - 65. Let o = 16 - 55. Let j = y - o. What is the remainder when 77 is divided by j?
13
Suppose -8*u + 18*u = 440. Let f be (-6)/(-8) - (-175)/(-20). Calculate the remainder when u is divided by 868/35 + f/10.
20
Let k(g) = -6*g + 0*g**2 - 12 - g**2 + 5 - 2*g**3 + 4. Let x be k(-2). Suppose -3*a + 21 = -x. Calculate the remainder when a is divided by 8.
6
Suppose 1048*i = 1046*i + j + 94, -5*j = -30. Calculate the remainder when 239 is divided by i.
39
Suppose -3*b + 2*c + 74 = 2*b, 5*b - 3*c - 71 = 0. Suppose -389 = 8*g - 357. Calculate the remainder when -1 + g - (14 - -3)*-4 is divided by b.
15
Let u(r) = -r**3 - 52*r**2 + 93. What is the remainder when 1486 is divided by u(-52)?
91
Suppose 0*y - 464 = -3*y + 5*k, -166 = -y - 4*k. Let b = 57497 - 57451. What is the remainder when y is divided by b?
20
Let p(w) be the second derivative of w**5/10 - 5*w**4/12 + w**3 - 3*w**2/2 - 18*w. Calculate the remainder when p(2) is divided by 4.
1
Suppose -5*q + 191 - 49 = t, 3*t + 78 = 3*q. Suppose 23*k = q*k - 630. What is the remainder when k is divided by 10?
6
Suppose 0 = 7*n - 113 - 272. Calculate the remainder when n is divided by -7 - 185*(-4)/20.
25
Let o(q) = -67*q - 46. What is the remainder when (-3 + 1)*(-9)/36*246 is divided by o(-1)?
18
Let q = -145 - -148. Suppose 2*t - 39 = -0*t + 5*i, -q*t = 4*i - 47. Calculate the remainder when 35 is divided by t.
1
What is the remainder when (4 - 11)*(-998)/7 - 7 is divided by 197?
6
Suppose 3*n - 3*x - 813 = -x, 3*x - 813 = -3*n. What is the remainder when n is divided by 36?
19
Let y(b) = -4*b - 45. Let v(m) = -m**3 - 2*m - 1. Let h be v(2). Let r be y(h). Suppose 2*l = r*l - 5. What is the remainder when l is divided by 1?
0
Let c = 10 - 10. Suppose -3*w = -c*w - 87. Suppose 0 = 7*b - w + 8. Calculate the remainder when 12 is divided by b.
0
Let s = -310 + 387. Let g = -45 + s. Calculate the remainder when g is divided by 16.
0
Suppose 0 = -333*o - 3*o + 384136 - 113992. Calculate the remainder when o is divided by 87.
21
Let k = -10080 - -10284. What is the remainder when 2027 is divided by k?
191
Suppose w - 4 + 0 = 0. Suppose -31*a + w = -29*a. Let k(l) = l - 7. What is the remainder when a is divided by k(9)?
0
Calculate the remainder when (8/(-5))/(44 + (-3821883)/86860) is divided by 247.
21
Let z be 8/(-7) + 1 - (-396)/77. Suppose -3*l - 204 = -z*d, 9 = 4*l - 7*l. What is the remainder when d is divided by 7?
4
Let o(x) = 5*x**3 + 19*x**2 - 19. Calculate the remainder when ((-6)/1 - -4) + 103 is divided by o(-3).
16
Let d = -28 - -40. Suppose 180*g - 423 = 177*g. Calculate the remainder when g is divided by 